hat is d(-10)?
-8
Let u = 45 + -34. Let t(o) = -o**3 + 12*o**2 - 10*o - 6. Let j be t(u). Let q(l) = -2*l + 4. What is q(j)?
-6
Let h(r) be the second derivative of -r**8/6720 + r**7/280 - r**6/90 + r**5/120 + 3*r**4/2 - 7*r. Let g(b) be the third derivative of h(b). Determine g(8).
1
Let r(l) = -l - 3. Let f be (-9)/(-4) + 25/(-100). Give r(f).
-5
Let a(s) be the second derivative of s**4/12 - 11*s**3/6 + 3*s**2 - 2*s + 3. Determine a(8).
-18
Let o(c) = 5*c - 12. Let f(r) = 4*r - 12. Let w(a) = 2*a**3 - 15*a**2 + 9*a - 8. Let q be w(7). Let m(h) = q*f(h) - 5*o(h). Calculate m(-7).
-5
Let i(m) = m - 2. Let p(g) = -6*g + 4. Let h(l) = -5*i(l) - p(l). Give h(-7).
-1
Let o(c) be the first derivative of -11 + 1/2*c**2 - 1/3*c**3 + 2*c. Suppose -3*r + 16 = -5*n, -3*r - 2*r = -10. Calculate o(n).
-4
Let x = -2 + 6. Let q(f) = 4*f + 1. Let a(b) = -3*b - 1. Let j(v) = -7*a(v) - 5*q(v). Give j(x).
6
Let c(a) = 24*a - 1. Let h(m) = m**2 + 71*m - 1. Let i be h(0). What is c(i)?
-25
Suppose 0 = -5*z + 16 + 9, 3*g - 3*z = -27. Let b(f) = -f**2 + f - 1. Let a(l) = -2*l**2 + 3*l - 2. Let p(k) = g*a(k) + 9*b(k). Give p(-2).
1
Let g(c) = -14*c + 13. Let h(l) = -13*l + 10. Let f(o) = -5*g(o) + 6*h(o). What is f(-4)?
27
Let y(o) = o**2 - 27*o + 95. Let q be y(23). Let g(w) = 4*w - 7. Calculate g(q).
5
Let i(l) be the third derivative of l**4/24 - l**3/3 + l**2. Suppose 5*f - o + 5 = -5*o, -4*f - 2*o + 2 = 0. Give i(f).
1
Let r(d) = d**3 + 7*d**2 + 7*d + 42. Let v be r(-7). Let b(a) = -a**2 - 7*a - 6. Give b(v).
-6
Suppose -4*v = -0*v + 24. Let o be v/15 + 96/15. Let n(t) = 0*t - 6 - 6*t - 2*t**2 + 3*t**2. What is n(o)?
-6
Let h(z) = -4*z**3 + z**2 - 1. Let l(a) = 5*a**3 - 2*a**2 - 1. Let b(r) = 4*h(r) + 3*l(r). Determine b(0).
-7
Let v(r) = 2*r - 3. Let i(u) = -2*u**2 + 17*u - 4. Suppose 9 = 6*k - 3*k. Suppose -5*s - k*p + 15 = 2*p, -4*s - 3*p + 17 = 0. Let f be i(s). Determine v(f).
5
Let o(f) be the first derivative of f**2/2 - 17*f + 112. Give o(13).
-4
Let u(l) be the second derivative of -l**3/6 - 112*l - 1. Determine u(-1).
1
Let j(w) = -5*w - 8. Let l(y) = 3*y + 5. Let g(u) = 4*j(u) + 7*l(u). Determine g(0).
3
Let c(d) be the second derivative of d**3/6 - 2*d**2 + 4*d. Let h be c(6). Suppose h*u - 3*u = 0. Let o(j) = -j - 2. Calculate o(u).
-2
Let h(z) be the first derivative of -z**4/4 - 2*z**3 - 3*z**2 - 2. Let x(j) = -3*j**2 + 22*j + 11. Let g be x(8). What is h(g)?
5
Suppose 0 = 35*j + 2*j - 37. Let a(q) = 10*q**3 - q**2 + q. Give a(j).
10
Suppose 5*w - 17 = -2*c - 2, 35 = -2*c + 5*w. Let u(o) = 3*o + 2. Determine u(c).
-13
Let q(v) be the first derivative of -3*v**2 - 2*v - 1097. Let k be (-26)/(-8) + 2/(-8). What is q(k)?
-20
Suppose -14 = 5*j - 54. Let a(s) = -33*s - 537 + 79*s + 548 - 40*s - s**2. What is a(j)?
-5
Let f(c) be the second derivative of c**5/20 - 2*c**4/3 - 11*c**3/6 + 13*c**2/2 - 48*c. Calculate f(9).
-5
Let s be (-1 - -3) + 6 + -5 + 6. Let z(o) = o - 7. Calculate z(s).
2
Let k(j) = j**2 - j + 1. Let m = 8 - 9. Let y(b) = 7*b**2 - b + 6. Let z(q) = m*y(q) + 4*k(q). What is z(-3)?
-20
Let y(p) be the first derivative of 2*p**2 - 21*p + 22. Let c be y(7). Let t(h) be the third derivative of h**4/24 - 4*h**3/3 - h**2. Give t(c).
-1
Suppose 62 - 2 = -15*p. Let g(s) = s**3 + 3*s**2 - 6*s - 1. What is g(p)?
7
Let y(v) = -v**2 + 7*v - 5. Suppose 0 = -3*h - 3, -3*h = 5*t - 10*t + 33. What is y(t)?
1
Let j(c) be the second derivative of c**3/6 + 21*c**2/2 + 88*c. Give j(-10).
11
Let k(t) = t**3 - 3*t**2 - 5*t + 30. Let o(q) = -2*q**3 + 7*q**2 + 12*q - 58. Let u(a) = 7*k(a) + 3*o(a). Determine u(0).
36
Let o(h) = h**2 - 21*h - 28. Let u = -333 + 355. Calculate o(u).
-6
Let k = 590 - 587. Let v(y) = -2*y**2 - 1 - 2*y**2 + y**3 + 4*y - 3*y. Calculate v(k).
-7
Suppose -h = h, 0 = i - 2*h - 4. Let z(l) = 10 + l - 15*l + i*l + 11*l. Determine z(-10).
0
Let j(v) = -16*v - 34. Let l be j(-9). Let q(d) = -4*d - 110 + l. Give q(6).
-24
Let j(r) = -r**2 + 6*r + 1. Let s(x) = 2*x - 9. Let v be s(4). Let b be v*(-3 + -11)*1. Let d = -8 + b. Give j(d).
1
Let j(z) = z**3 + 9*z**2 - 9*z - 9. Let t(k) = 2*k**2 - 31*k + 55. Let g be t(13). What is j(g)?
-19
Let r(q) = -24*q - 23. Let d(o) = 34*o + 31. Let p(l) = 8*d(l) + 11*r(l). What is p(1)?
3
Let f(s) = 6*s + 142 - 3*s**2 - 3*s**2 - 70 + s**3 - 70. Suppose -b = 4*b - 210. Let l be (-1)/(-3) - b/(-9). Determine f(l).
7
Let l be (-140)/(-30) + 16/12. Let u(p) = -5 + p**2 + 10 - 9*p + p. Calculate u(l).
-7
Let y(l) be the second derivative of -l**5/20 - 2*l**4/3 + 7*l**3/6 - 13*l**2/2 + 108*l + 1. Calculate y(-9).
5
Let x(y) be the third derivative of -y**5/12 + 23*y**4/24 - y**3 - 2*y**2 + 12. Calculate x(4).
6
Let t(o) = 5*o**2 - 6*o + 14. Let l = 4 - 8. Let s(h) = h**2 + 2. Let w(z) = l*s(z) + t(z). Determine w(5).
1
Suppose -m - 9*m + 30 = 0. Let t(p) = 19 + p**m + 22 + 5*p - 54 + 18 + 5*p**2. Calculate t(-4).
1
Let q(g) = -26*g**2 - 5*g + 32*g - 16 - 37 + g**3. What is q(25)?
-3
Let h(m) = -m**2 + 6*m + 2. Let f(t) = -t**3 + 7*t**2 + 8*t + 5. Let c(u) = -u**2 - 13*u + 38. Let v be c(-15). Let l be f(v). Calculate h(l).
7
Let m = 16 + -22. Let s(y) = -3*y**2 + 10*y - 4. Let j(b) = -b**2 + 3*b - 1. Let q(d) = m*s(d) + 17*j(d). Suppose -72*t + 65*t + 56 = 0. Determine q(t).
-1
Let o(n) = 12 - 24 + 4*n + 2*n + 19. Give o(-6).
-29
Let z(g) = -112*g - 683. Let f be z(-6). Let n(o) = o**2 + 13*o + 18. What is n(f)?
-4
Let c = 16 + -22. Let j(q) = q**3 - 2*q**2 - 17*q + 12. Let m be j(5). Let o(p) = -26 + 81 - 26 + p**3 + 7*p**m + 6*p - 34. Give o(c).
-5
Let u(z) = 4*z**3 + 7*z**2 + z + 2. Let m(v) = -2*v - 2 + 0 - 3*v**3 + 0 - 6*v**2. Let d(x) = 3*m(x) + 2*u(x). What is d(-4)?
14
Let v(y) = -39*y - 339. Let o be v(-9). Let u(c) = -2*c**2 + 24*c - 6. Determine u(o).
-6
Let b(s) = 2*s**2 + s. Let k(w) = -w + 17. Let u be k(12). Suppose 4*p - 3 = -5*c + u, 5*p - c = 10. Suppose 0 + p = -2*x. Calculate b(x).
1
Let d(z) = -z**2 - 5*z + 0 + 0*z**2 - 6. Suppose 15*j - 233 = -308. Determine d(j).
-6
Let x = 792 + -784. Let v(b) = -b**2 + 9*b + 5. Determine v(x).
13
Let x(q) be the second derivative of -q**4/12 + 7*q**3/3 + 19*q**2/2 + 3*q + 3. Determine x(15).
4
Let f be (-1)/(-1)*(2 + 24). Let m be 2/7*1 - 12390/490. Let s = f + m. Let q(k) = 7*k**2 + 1. What is q(s)?
8
Suppose 3*n - 5*f - 2 + 17 = 0, -5*n - 12 = -4*f. Let x(l) = l**3 - l**2 + l - 29. Give x(n).
-29
Suppose -5*t - 8 = 3*v + v, t + 1 = -v. Let i(c) = -c**2 + c + 6. Let q be i(v). Let o(l) = 5*l + 6 + q*l - l**2 - 5*l + 3*l. Determine o(5).
-4
Let v(j) be the second derivative of -j**5/20 - j**4/2 + j**3/6 + 3*j**2/2 + 3*j. Determine v(-6).
-3
Let t(q) = -11*q**3 - q**2 + 1. Suppose 81 - 18 = 7*u. Let d be 8/28 - u/7. Determine t(d).
11
Let g(p) = p**2 - 5*p - 2. Let y be (-1 + (-9)/(-6))/((-2)/4). Let o be 29/5 - y/5. Calculate g(o).
4
Let y(c) be the third derivative of -c**5/60 + 3*c**4/8 + 9*c**3 + 134*c**2. Give y(13).
2
Let m = -15 + 9. Suppose 11 = -r + 4*x, r - x + 6 = 4*r. Let d(n) = 2 - 6 + 4 + n + r. Give d(m).
-5
Let b(k) = -7 + 0*k + k - 3*k**3 + 6*k**3. Let w(j) = 4*j**3 + j - 7. Let n(t) = -t**2 + t + 26. Let u be n(-5). Let c(y) = u*w(y) + 5*b(y). What is c(0)?
-7
Let d(p) = -8 + 3*p**2 + 7*p - 10*p - 2*p**2. Determine d(4).
-4
Suppose b = -4*q + 3, b + q - 6 = -0. Suppose 5*m - 22 = -b. Suppose -3*y + 4*y - 2*i + 15 = 0, -m*y + i = 20. Let t(x) = -2*x - 6. Calculate t(y).
4
Suppose 12 = -2*m + 4. Let b(t) be the third derivative of 1/6*t**3 + 0*t - t**2 - 1/24*t**4 + 0. What is b(m)?
5
Let s = -303 - -462. Suppose 5*m + 2*p + s = 0, -p = m - 2*m - 29. Let q = m - -32. Let r(i) = 3*i**2 - 2*i + 1. Determine r(q).
2
Let z(r) = r**3 - 7*r**2 + 4*r + 7. Suppose 6 = 4*n - 3*n. Let s be z(n). Let h(p) = 8*p + p**2 - 2*p - p + 3. Determine h(s).
3
Suppose -30 = -3*v - 0*v. Suppose -14 - v = -4*i. Let s(w) = w**2 - i*w - 7 - 4 + 14. Determine s(2).
-5
Let c(g) = 22*g**2 + 13*g + 48. Let j(h) = 10*h**2 + 7*h + 22. Let o(z) = 4*c(z) - 9*j(z). Give o(-7).
-27
Suppose 2*v + 0*v = 10. Suppose 3*n - 19 = -n - o, 0 = 2*o - 6. Suppose v = -h - n*h. Let d(s) = -4*s - 1. What is d(h)?
3
Let c(v) = -9*v**3 - 5*v**2 + 4*v. Let z(w) = -7*w**3 - 4*w**2 + 4*w. Let p(l) = 3*c(l) - 4*z(l). Give p(-3).
-6
Let l be (-1 + 4 - 2) + 4. Let v(o) = 4*o + 5*o - 2 